{"id":25149,"date":"2023-01-10T14:05:39","date_gmt":"2023-01-10T12:05:39","guid":{"rendered":"https:\/\/www.hestiahotels.com\/haapsaluspa\/?page_id=25149"},"modified":"2026-01-19T16:11:16","modified_gmt":"2026-01-19T14:11:16","slug":"saunarituaalid","status":"publish","type":"page","link":"https:\/\/www.hestiahotels.com\/haapsaluspa\/saunarituaalid\/","title":{"rendered":"Saunarituaalid"},"content":{"rendered":"","protected":false},"excerpt":{"rendered":"<p>Tule koos seltskonnaga saunarituaale nautima! Ammustest aegadest on juba teada, et saun m\u00f5jub tervisele h\u00e4sti. V\u00f5ttes kasutusele viha, muutub toime eriti t\u00f5husaks. Vihtlemine paneb \u00f5hu liikuma ja kuum \u00f5hk p\u00e4\u00e4seb nahale paremini ligi. Lisaks masseerib vihtlemine keha. Tervendage endid seltskonnaga, l\u00f5\u00f5gastuge ja nautige lihtsalt toredalt \u00fcheskoos teistmoodi aega.<\/p>\n","protected":false},"author":49,"featured_media":24904,"parent":0,"menu_order":19,"comment_status":"closed","ping_status":"closed","template":"","meta":{"_acf_changed":false,"footnotes":""},"class_list":["post-25149","page","type-page","status-publish","has-post-thumbnail","hentry"],"acf":[],"yoast_head":"<!-- This site is optimized with the Yoast SEO plugin v27.2 - https:\/\/yoast.com\/product\/yoast-seo-wordpress\/ -->\n<title>Saunarituaalid | Hestia Hotel Haapsalu Spa<\/title>\n<meta name=\"robots\" content=\"index, follow, max-snippet:-1, max-image-preview:large, max-video-preview:-1\" \/>\n<link rel=\"canonical\" href=\"https:\/\/www.hestiahotels.com\/haapsaluspa\/saunarituaalid\/\" \/>\n<meta property=\"og:locale\" content=\"et_EE\" \/>\n<meta property=\"og:type\" content=\"article\" \/>\n<meta property=\"og:title\" content=\"Saunarituaalid | Hestia Hotel Haapsalu Spa\" \/>\n<meta property=\"og:description\" content=\"Tule koos seltskonnaga saunarituaale nautima! Ammustest aegadest on juba teada, et saun m\u00f5jub tervisele h\u00e4sti. V\u00f5ttes kasutusele viha, muutub toime eriti t\u00f5husaks. Vihtlemine paneb \u00f5hu liikuma ja kuum \u00f5hk p\u00e4\u00e4seb nahale paremini ligi. Lisaks masseerib vihtlemine keha. Tervendage endid seltskonnaga, l\u00f5\u00f5gastuge ja nautige lihtsalt toredalt \u00fcheskoos teistmoodi aega.\" \/>\n<meta property=\"og:url\" content=\"https:\/\/www.hestiahotels.com\/haapsaluspa\/saunarituaalid\/\" \/>\n<meta property=\"og:site_name\" content=\"Hestia Hotel Haapsalu Spa\" \/>\n<meta property=\"article:publisher\" content=\"https:\/\/www.facebook.com\/HaapsaluSpa\" \/>\n<meta property=\"article:modified_time\" content=\"2026-01-19T14:11:16+00:00\" \/>\n<meta property=\"og:image\" content=\"https:\/\/www.hestiahotels.com\/wp-content\/uploads\/sites\/7\/2022\/12\/Hestia-pildid-1920x1080-Landscape-5.jpg\" \/>\n\t<meta property=\"og:image:width\" content=\"1920\" \/>\n\t<meta property=\"og:image:height\" content=\"1080\" \/>\n\t<meta property=\"og:image:type\" content=\"image\/jpeg\" \/>\n<meta name=\"twitter:card\" content=\"summary_large_image\" \/>\n<meta name=\"twitter:label1\" content=\"Est. reading time\" \/>\n\t<meta name=\"twitter:data1\" content=\"3 minutit\" \/>\n<script type=\"application\/ld+json\" class=\"yoast-schema-graph\">{\"@context\":\"https:\/\/schema.org\",\"@graph\":[{\"@type\":\"WebPage\",\"@id\":\"https:\/\/www.hestiahotels.com\/haapsaluspa\/saunarituaalid\/\",\"url\":\"https:\/\/www.hestiahotels.com\/haapsaluspa\/saunarituaalid\/\",\"name\":\"Saunarituaalid | Hestia Hotel Haapsalu Spa\",\"isPartOf\":{\"@id\":\"https:\/\/www.hestiahotels.com\/haapsaluspa\/#website\"},\"primaryImageOfPage\":{\"@id\":\"https:\/\/www.hestiahotels.com\/haapsaluspa\/saunarituaalid\/#primaryimage\"},\"image\":{\"@id\":\"https:\/\/www.hestiahotels.com\/haapsaluspa\/saunarituaalid\/#primaryimage\"},\"thumbnailUrl\":\"\/wp-content\/uploads\/sites\/7\/2022\/12\/Hestia-pildid-1920x1080-Landscape-5.jpg\",\"datePublished\":\"2023-01-10T12:05:39+00:00\",\"dateModified\":\"2026-01-19T14:11:16+00:00\",\"breadcrumb\":{\"@id\":\"https:\/\/www.hestiahotels.com\/haapsaluspa\/saunarituaalid\/#breadcrumb\"},\"inLanguage\":\"et\",\"potentialAction\":[{\"@type\":\"ReadAction\",\"target\":[\"https:\/\/www.hestiahotels.com\/haapsaluspa\/saunarituaalid\/\"]}]},{\"@type\":\"ImageObject\",\"inLanguage\":\"et\",\"@id\":\"https:\/\/www.hestiahotels.com\/haapsaluspa\/saunarituaalid\/#primaryimage\",\"url\":\"\/wp-content\/uploads\/sites\/7\/2022\/12\/Hestia-pildid-1920x1080-Landscape-5.jpg\",\"contentUrl\":\"\/wp-content\/uploads\/sites\/7\/2022\/12\/Hestia-pildid-1920x1080-Landscape-5.jpg\",\"width\":1920,\"height\":1080},{\"@type\":\"BreadcrumbList\",\"@id\":\"https:\/\/www.hestiahotels.com\/haapsaluspa\/saunarituaalid\/#breadcrumb\",\"itemListElement\":[{\"@type\":\"ListItem\",\"position\":1,\"name\":\"Home\",\"item\":\"https:\/\/www.hestiahotels.com\/haapsaluspa\/\"},{\"@type\":\"ListItem\",\"position\":2,\"name\":\"Saunarituaalid\"}]},{\"@type\":\"WebSite\",\"@id\":\"https:\/\/www.hestiahotels.com\/haapsaluspa\/#website\",\"url\":\"https:\/\/www.hestiahotels.com\/haapsaluspa\/\",\"name\":\"Hestia Hotel Haapsalu Spa\",\"description\":\"Hestia Hotel Haapsalu Spa on kolmest k\u00fcljest merega piiratud V\u00e4ikese viigi kaldal, vaid jalutusk\u00e4igu kaugusel maalilisest Haapsalu vanalinnast.\",\"potentialAction\":[{\"@type\":\"SearchAction\",\"target\":{\"@type\":\"EntryPoint\",\"urlTemplate\":\"https:\/\/www.hestiahotels.com\/haapsaluspa\/?s={search_term_string}\"},\"query-input\":{\"@type\":\"PropertyValueSpecification\",\"valueRequired\":true,\"valueName\":\"search_term_string\"}}],\"inLanguage\":\"et\"}]}<\/script>\n<!-- \/ Yoast SEO plugin. -->","yoast_head_json":{"title":"Saunarituaalid | Hestia Hotel Haapsalu Spa","robots":{"index":"index","follow":"follow","max-snippet":"max-snippet:-1","max-image-preview":"max-image-preview:large","max-video-preview":"max-video-preview:-1"},"canonical":"https:\/\/www.hestiahotels.com\/haapsaluspa\/saunarituaalid\/","og_locale":"et_EE","og_type":"article","og_title":"Saunarituaalid | Hestia Hotel Haapsalu Spa","og_description":"Tule koos seltskonnaga saunarituaale nautima! Ammustest aegadest on juba teada, et saun m\u00f5jub tervisele h\u00e4sti. V\u00f5ttes kasutusele viha, muutub toime eriti t\u00f5husaks. Vihtlemine paneb \u00f5hu liikuma ja kuum \u00f5hk p\u00e4\u00e4seb nahale paremini ligi. Lisaks masseerib vihtlemine keha. Tervendage endid seltskonnaga, l\u00f5\u00f5gastuge ja nautige lihtsalt toredalt \u00fcheskoos teistmoodi aega.","og_url":"https:\/\/www.hestiahotels.com\/haapsaluspa\/saunarituaalid\/","og_site_name":"Hestia Hotel Haapsalu Spa","article_publisher":"https:\/\/www.facebook.com\/HaapsaluSpa","article_modified_time":"2026-01-19T14:11:16+00:00","og_image":[{"width":1920,"height":1080,"url":"https:\/\/www.hestiahotels.com\/wp-content\/uploads\/sites\/7\/2022\/12\/Hestia-pildid-1920x1080-Landscape-5.jpg","type":"image\/jpeg"}],"twitter_card":"summary_large_image","twitter_misc":{"Est. reading time":"3 minutit"},"schema":{"@context":"https:\/\/schema.org","@graph":[{"@type":"WebPage","@id":"https:\/\/www.hestiahotels.com\/haapsaluspa\/saunarituaalid\/","url":"https:\/\/www.hestiahotels.com\/haapsaluspa\/saunarituaalid\/","name":"Saunarituaalid | Hestia Hotel Haapsalu Spa","isPartOf":{"@id":"https:\/\/www.hestiahotels.com\/haapsaluspa\/#website"},"primaryImageOfPage":{"@id":"https:\/\/www.hestiahotels.com\/haapsaluspa\/saunarituaalid\/#primaryimage"},"image":{"@id":"https:\/\/www.hestiahotels.com\/haapsaluspa\/saunarituaalid\/#primaryimage"},"thumbnailUrl":"\/wp-content\/uploads\/sites\/7\/2022\/12\/Hestia-pildid-1920x1080-Landscape-5.jpg","datePublished":"2023-01-10T12:05:39+00:00","dateModified":"2026-01-19T14:11:16+00:00","breadcrumb":{"@id":"https:\/\/www.hestiahotels.com\/haapsaluspa\/saunarituaalid\/#breadcrumb"},"inLanguage":"et","potentialAction":[{"@type":"ReadAction","target":["https:\/\/www.hestiahotels.com\/haapsaluspa\/saunarituaalid\/"]}]},{"@type":"ImageObject","inLanguage":"et","@id":"https:\/\/www.hestiahotels.com\/haapsaluspa\/saunarituaalid\/#primaryimage","url":"\/wp-content\/uploads\/sites\/7\/2022\/12\/Hestia-pildid-1920x1080-Landscape-5.jpg","contentUrl":"\/wp-content\/uploads\/sites\/7\/2022\/12\/Hestia-pildid-1920x1080-Landscape-5.jpg","width":1920,"height":1080},{"@type":"BreadcrumbList","@id":"https:\/\/www.hestiahotels.com\/haapsaluspa\/saunarituaalid\/#breadcrumb","itemListElement":[{"@type":"ListItem","position":1,"name":"Home","item":"https:\/\/www.hestiahotels.com\/haapsaluspa\/"},{"@type":"ListItem","position":2,"name":"Saunarituaalid"}]},{"@type":"WebSite","@id":"https:\/\/www.hestiahotels.com\/haapsaluspa\/#website","url":"https:\/\/www.hestiahotels.com\/haapsaluspa\/","name":"Hestia Hotel Haapsalu Spa","description":"Hestia Hotel Haapsalu Spa on kolmest k\u00fcljest merega piiratud V\u00e4ikese viigi kaldal, vaid jalutusk\u00e4igu kaugusel maalilisest Haapsalu vanalinnast.","potentialAction":[{"@type":"SearchAction","target":{"@type":"EntryPoint","urlTemplate":"https:\/\/www.hestiahotels.com\/haapsaluspa\/?s={search_term_string}"},"query-input":{"@type":"PropertyValueSpecification","valueRequired":true,"valueName":"search_term_string"}}],"inLanguage":"et"}]}},"_links":{"self":[{"href":"https:\/\/www.hestiahotels.com\/haapsaluspa\/wp-json\/wp\/v2\/pages\/25149","targetHints":{"allow":["GET"]}}],"collection":[{"href":"https:\/\/www.hestiahotels.com\/haapsaluspa\/wp-json\/wp\/v2\/pages"}],"about":[{"href":"https:\/\/www.hestiahotels.com\/haapsaluspa\/wp-json\/wp\/v2\/types\/page"}],"author":[{"embeddable":true,"href":"https:\/\/www.hestiahotels.com\/haapsaluspa\/wp-json\/wp\/v2\/users\/49"}],"replies":[{"embeddable":true,"href":"https:\/\/www.hestiahotels.com\/haapsaluspa\/wp-json\/wp\/v2\/comments?post=25149"}],"version-history":[{"count":4,"href":"https:\/\/www.hestiahotels.com\/haapsaluspa\/wp-json\/wp\/v2\/pages\/25149\/revisions"}],"predecessor-version":[{"id":31944,"href":"https:\/\/www.hestiahotels.com\/haapsaluspa\/wp-json\/wp\/v2\/pages\/25149\/revisions\/31944"}],"wp:featuredmedia":[{"embeddable":true,"href":"https:\/\/www.hestiahotels.com\/haapsaluspa\/wp-json\/wp\/v2\/media\/24904"}],"wp:attachment":[{"href":"https:\/\/www.hestiahotels.com\/haapsaluspa\/wp-json\/wp\/v2\/media?parent=25149"}],"curies":[{"name":"wp","href":"https:\/\/api.w.org\/{rel}","templated":true}]}}