{"id":17871,"date":"2021-04-05T20:45:00","date_gmt":"2021-04-05T17:45:00","guid":{"rendered":"https:\/\/www.hestiahotels.com\/haapsaluspa\/?post_type=product&#038;p=17871"},"modified":"2025-10-01T01:38:10","modified_gmt":"2025-09-30T22:38:10","slug":"massaaz-haapsalu-ravimudaga","status":"publish","type":"product","link":"https:\/\/www.hestiahotels.com\/haapsaluspa\/toode\/massaaz-haapsalu-ravimudaga\/","title":{"rendered":"Massaa\u017e Haapsalu ravimudaga"},"content":{"rendered":"<p>Pikenda oma massaa\u017ei naudingut 15 min 16 \u20ac\u00a0 v\u00f5i 30 min 24 \u20ac<\/p>\n","protected":false},"excerpt":{"rendered":"<p>Massaa\u017e Haapsalu ravimudaga on kooriva ja raviva toimega. Massaa\u017e soodustab liigse vedeliku ja j\u00e4\u00e4kainete eritumist kehast, elavdab ainevahetust, l\u00f5\u00f5gastab ja aitab ravida kroonilisi p\u00f5letikke. Massaa\u017ei alguses pannakse seljale Haapsalu ravimuda m\u00e4his. M\u00e4hise ajal masseeritakse kogu keha klassikalise massaa\u017ei v\u00f5tetega. Viimasena eemaldatakse m\u00e4his ja masseeritakse selg.<\/p>\n","protected":false},"featured_media":30689,"template":"","meta":{"_acf_changed":false},"product_brand":[],"product_cat":[194,50,159,158],"product_tag":[],"class_list":{"0":"post-17871","1":"product","2":"type-product","3":"status-publish","4":"has-post-thumbnail","6":"product_cat-lemmikud","7":"product_cat-massaaz","8":"product_cat-meestele","9":"product_cat-muda-teraapia","11":"first","12":"instock","13":"shipping-taxable","14":"purchasable","15":"product-type-simple"},"acf":[],"yoast_head":"<!-- This site is optimized with the Yoast SEO plugin v27.2 - https:\/\/yoast.com\/product\/yoast-seo-wordpress\/ -->\n<title>Massaa\u017e Haapsalu ravimudaga | Hestia Hotel Haapsalu Spa<\/title>\n<meta name=\"robots\" content=\"index, follow, max-snippet:-1, max-image-preview:large, max-video-preview:-1\" \/>\n<link rel=\"canonical\" href=\"https:\/\/www.hestiahotels.com\/haapsaluspa\/toode\/massaaz-haapsalu-ravimudaga\/\" \/>\n<meta property=\"og:locale\" content=\"et_EE\" \/>\n<meta property=\"og:type\" content=\"article\" \/>\n<meta property=\"og:title\" content=\"Massaa\u017e Haapsalu ravimudaga | Hestia Hotel Haapsalu Spa\" \/>\n<meta property=\"og:description\" content=\"Massaa\u017e Haapsalu ravimudaga on kooriva ja raviva toimega. Massaa\u017e soodustab liigse vedeliku ja j\u00e4\u00e4kainete eritumist kehast, elavdab ainevahetust, l\u00f5\u00f5gastab ja aitab ravida kroonilisi p\u00f5letikke. Massaa\u017ei alguses pannakse seljale Haapsalu ravimuda m\u00e4his. M\u00e4hise ajal masseeritakse kogu keha klassikalise massaa\u017ei v\u00f5tetega. Viimasena eemaldatakse m\u00e4his ja masseeritakse selg.\" \/>\n<meta property=\"og:url\" content=\"https:\/\/www.hestiahotels.com\/haapsaluspa\/toode\/massaaz-haapsalu-ravimudaga\/\" \/>\n<meta property=\"og:site_name\" content=\"Hestia Hotel Haapsalu Spa\" \/>\n<meta property=\"article:publisher\" content=\"https:\/\/www.facebook.com\/HaapsaluSpa\" \/>\n<meta property=\"article:modified_time\" content=\"2025-09-30T22:38:10+00:00\" \/>\n<meta property=\"og:image\" content=\"https:\/\/www.hestiahotels.com\/wp-content\/uploads\/sites\/7\/2021\/04\/Massaaz-Haapsalu-ravimudaga.jpg\" \/>\n\t<meta property=\"og:image:width\" content=\"1920\" \/>\n\t<meta property=\"og:image:height\" content=\"1080\" \/>\n\t<meta property=\"og:image:type\" content=\"image\/jpeg\" \/>\n<meta name=\"twitter:card\" content=\"summary_large_image\" \/>\n<meta name=\"twitter:label1\" content=\"Est. reading time\" \/>\n\t<meta name=\"twitter:data1\" content=\"1 minut\" \/>\n<script type=\"application\/ld+json\" class=\"yoast-schema-graph\">{\"@context\":\"https:\/\/schema.org\",\"@graph\":[{\"@type\":\"WebPage\",\"@id\":\"https:\/\/www.hestiahotels.com\/haapsaluspa\/toode\/massaaz-haapsalu-ravimudaga\/\",\"url\":\"https:\/\/www.hestiahotels.com\/haapsaluspa\/toode\/massaaz-haapsalu-ravimudaga\/\",\"name\":\"Massaa\u017e Haapsalu ravimudaga | Hestia Hotel Haapsalu Spa\",\"isPartOf\":{\"@id\":\"https:\/\/www.hestiahotels.com\/haapsaluspa\/#website\"},\"primaryImageOfPage\":{\"@id\":\"https:\/\/www.hestiahotels.com\/haapsaluspa\/toode\/massaaz-haapsalu-ravimudaga\/#primaryimage\"},\"image\":{\"@id\":\"https:\/\/www.hestiahotels.com\/haapsaluspa\/toode\/massaaz-haapsalu-ravimudaga\/#primaryimage\"},\"thumbnailUrl\":\"\/wp-content\/uploads\/sites\/7\/2021\/04\/Massaaz-Haapsalu-ravimudaga.jpg\",\"datePublished\":\"2021-04-05T17:45:00+00:00\",\"dateModified\":\"2025-09-30T22:38:10+00:00\",\"breadcrumb\":{\"@id\":\"https:\/\/www.hestiahotels.com\/haapsaluspa\/toode\/massaaz-haapsalu-ravimudaga\/#breadcrumb\"},\"inLanguage\":\"et\",\"potentialAction\":[{\"@type\":\"ReadAction\",\"target\":[\"https:\/\/www.hestiahotels.com\/haapsaluspa\/toode\/massaaz-haapsalu-ravimudaga\/\"]}]},{\"@type\":\"ImageObject\",\"inLanguage\":\"et\",\"@id\":\"https:\/\/www.hestiahotels.com\/haapsaluspa\/toode\/massaaz-haapsalu-ravimudaga\/#primaryimage\",\"url\":\"\/wp-content\/uploads\/sites\/7\/2021\/04\/Massaaz-Haapsalu-ravimudaga.jpg\",\"contentUrl\":\"\/wp-content\/uploads\/sites\/7\/2021\/04\/Massaaz-Haapsalu-ravimudaga.jpg\",\"width\":1920,\"height\":1080},{\"@type\":\"BreadcrumbList\",\"@id\":\"https:\/\/www.hestiahotels.com\/haapsaluspa\/toode\/massaaz-haapsalu-ravimudaga\/#breadcrumb\",\"itemListElement\":[{\"@type\":\"ListItem\",\"position\":1,\"name\":\"Home\",\"item\":\"https:\/\/www.hestiahotels.com\/haapsaluspa\/\"},{\"@type\":\"ListItem\",\"position\":2,\"name\":\"Spaa Hoolitsused\",\"item\":\"https:\/\/www.hestiahotels.com\/haapsaluspa\/spaa-hoolitused\/\"},{\"@type\":\"ListItem\",\"position\":3,\"name\":\"Massaa\u017e Haapsalu ravimudaga\"}]},{\"@type\":\"WebSite\",\"@id\":\"https:\/\/www.hestiahotels.com\/haapsaluspa\/#website\",\"url\":\"https:\/\/www.hestiahotels.com\/haapsaluspa\/\",\"name\":\"Hestia Hotel Haapsalu Spa\",\"description\":\"Hestia Hotel Haapsalu Spa on kolmest k\u00fcljest merega piiratud V\u00e4ikese viigi kaldal, vaid jalutusk\u00e4igu kaugusel maalilisest Haapsalu vanalinnast.\",\"potentialAction\":[{\"@type\":\"SearchAction\",\"target\":{\"@type\":\"EntryPoint\",\"urlTemplate\":\"https:\/\/www.hestiahotels.com\/haapsaluspa\/?s={search_term_string}\"},\"query-input\":{\"@type\":\"PropertyValueSpecification\",\"valueRequired\":true,\"valueName\":\"search_term_string\"}}],\"inLanguage\":\"et\"}]}<\/script>\n<!-- \/ Yoast SEO plugin. -->","yoast_head_json":{"title":"Massaa\u017e Haapsalu ravimudaga | Hestia Hotel Haapsalu Spa","robots":{"index":"index","follow":"follow","max-snippet":"max-snippet:-1","max-image-preview":"max-image-preview:large","max-video-preview":"max-video-preview:-1"},"canonical":"https:\/\/www.hestiahotels.com\/haapsaluspa\/toode\/massaaz-haapsalu-ravimudaga\/","og_locale":"et_EE","og_type":"article","og_title":"Massaa\u017e Haapsalu ravimudaga | Hestia Hotel Haapsalu Spa","og_description":"Massaa\u017e Haapsalu ravimudaga on kooriva ja raviva toimega. Massaa\u017e soodustab liigse vedeliku ja j\u00e4\u00e4kainete eritumist kehast, elavdab ainevahetust, l\u00f5\u00f5gastab ja aitab ravida kroonilisi p\u00f5letikke. Massaa\u017ei alguses pannakse seljale Haapsalu ravimuda m\u00e4his. M\u00e4hise ajal masseeritakse kogu keha klassikalise massaa\u017ei v\u00f5tetega. Viimasena eemaldatakse m\u00e4his ja masseeritakse selg.","og_url":"https:\/\/www.hestiahotels.com\/haapsaluspa\/toode\/massaaz-haapsalu-ravimudaga\/","og_site_name":"Hestia Hotel Haapsalu Spa","article_publisher":"https:\/\/www.facebook.com\/HaapsaluSpa","article_modified_time":"2025-09-30T22:38:10+00:00","og_image":[{"width":1920,"height":1080,"url":"https:\/\/www.hestiahotels.com\/wp-content\/uploads\/sites\/7\/2021\/04\/Massaaz-Haapsalu-ravimudaga.jpg","type":"image\/jpeg"}],"twitter_card":"summary_large_image","twitter_misc":{"Est. reading time":"1 minut"},"schema":{"@context":"https:\/\/schema.org","@graph":[{"@type":"WebPage","@id":"https:\/\/www.hestiahotels.com\/haapsaluspa\/toode\/massaaz-haapsalu-ravimudaga\/","url":"https:\/\/www.hestiahotels.com\/haapsaluspa\/toode\/massaaz-haapsalu-ravimudaga\/","name":"Massaa\u017e Haapsalu ravimudaga | Hestia Hotel Haapsalu Spa","isPartOf":{"@id":"https:\/\/www.hestiahotels.com\/haapsaluspa\/#website"},"primaryImageOfPage":{"@id":"https:\/\/www.hestiahotels.com\/haapsaluspa\/toode\/massaaz-haapsalu-ravimudaga\/#primaryimage"},"image":{"@id":"https:\/\/www.hestiahotels.com\/haapsaluspa\/toode\/massaaz-haapsalu-ravimudaga\/#primaryimage"},"thumbnailUrl":"\/wp-content\/uploads\/sites\/7\/2021\/04\/Massaaz-Haapsalu-ravimudaga.jpg","datePublished":"2021-04-05T17:45:00+00:00","dateModified":"2025-09-30T22:38:10+00:00","breadcrumb":{"@id":"https:\/\/www.hestiahotels.com\/haapsaluspa\/toode\/massaaz-haapsalu-ravimudaga\/#breadcrumb"},"inLanguage":"et","potentialAction":[{"@type":"ReadAction","target":["https:\/\/www.hestiahotels.com\/haapsaluspa\/toode\/massaaz-haapsalu-ravimudaga\/"]}]},{"@type":"ImageObject","inLanguage":"et","@id":"https:\/\/www.hestiahotels.com\/haapsaluspa\/toode\/massaaz-haapsalu-ravimudaga\/#primaryimage","url":"\/wp-content\/uploads\/sites\/7\/2021\/04\/Massaaz-Haapsalu-ravimudaga.jpg","contentUrl":"\/wp-content\/uploads\/sites\/7\/2021\/04\/Massaaz-Haapsalu-ravimudaga.jpg","width":1920,"height":1080},{"@type":"BreadcrumbList","@id":"https:\/\/www.hestiahotels.com\/haapsaluspa\/toode\/massaaz-haapsalu-ravimudaga\/#breadcrumb","itemListElement":[{"@type":"ListItem","position":1,"name":"Home","item":"https:\/\/www.hestiahotels.com\/haapsaluspa\/"},{"@type":"ListItem","position":2,"name":"Spaa Hoolitsused","item":"https:\/\/www.hestiahotels.com\/haapsaluspa\/spaa-hoolitused\/"},{"@type":"ListItem","position":3,"name":"Massaa\u017e Haapsalu ravimudaga"}]},{"@type":"WebSite","@id":"https:\/\/www.hestiahotels.com\/haapsaluspa\/#website","url":"https:\/\/www.hestiahotels.com\/haapsaluspa\/","name":"Hestia Hotel Haapsalu Spa","description":"Hestia Hotel Haapsalu Spa on kolmest k\u00fcljest merega piiratud V\u00e4ikese viigi kaldal, vaid jalutusk\u00e4igu kaugusel maalilisest Haapsalu vanalinnast.","potentialAction":[{"@type":"SearchAction","target":{"@type":"EntryPoint","urlTemplate":"https:\/\/www.hestiahotels.com\/haapsaluspa\/?s={search_term_string}"},"query-input":{"@type":"PropertyValueSpecification","valueRequired":true,"valueName":"search_term_string"}}],"inLanguage":"et"}]}},"_links":{"self":[{"href":"https:\/\/www.hestiahotels.com\/haapsaluspa\/wp-json\/wp\/v2\/product\/17871","targetHints":{"allow":["GET"]}}],"collection":[{"href":"https:\/\/www.hestiahotels.com\/haapsaluspa\/wp-json\/wp\/v2\/product"}],"about":[{"href":"https:\/\/www.hestiahotels.com\/haapsaluspa\/wp-json\/wp\/v2\/types\/product"}],"wp:featuredmedia":[{"embeddable":true,"href":"https:\/\/www.hestiahotels.com\/haapsaluspa\/wp-json\/wp\/v2\/media\/30689"}],"wp:attachment":[{"href":"https:\/\/www.hestiahotels.com\/haapsaluspa\/wp-json\/wp\/v2\/media?parent=17871"}],"wp:term":[{"taxonomy":"product_brand","embeddable":true,"href":"https:\/\/www.hestiahotels.com\/haapsaluspa\/wp-json\/wp\/v2\/product_brand?post=17871"},{"taxonomy":"product_cat","embeddable":true,"href":"https:\/\/www.hestiahotels.com\/haapsaluspa\/wp-json\/wp\/v2\/product_cat?post=17871"},{"taxonomy":"product_tag","embeddable":true,"href":"https:\/\/www.hestiahotels.com\/haapsaluspa\/wp-json\/wp\/v2\/product_tag?post=17871"}],"curies":[{"name":"wp","href":"https:\/\/api.w.org\/{rel}","templated":true}]}}