{"id":21287,"date":"2021-11-16T00:51:49","date_gmt":"2021-11-15T22:51:49","guid":{"rendered":"https:\/\/www.hestiahotels.com\/haapsaluspa\/?post_type=product&#038;p=21287"},"modified":"2023-10-02T11:02:41","modified_gmt":"2023-10-02T08:02:41","slug":"aromaatne-punase-veini-vahuvann","status":"publish","type":"product","link":"https:\/\/www.hestiahotels.com\/haapsaluspa\/toode\/aromaatne-punase-veini-vahuvann\/","title":{"rendered":"Aromaatne punase veini vahuvann"},"content":{"rendered":"","protected":false},"excerpt":{"rendered":"<p>Aromaatne punase veini vahuvann sisaldab punase veini ekstrakte ja viinamarjaseemnete \u00f5li, reguleerib kehakaalu ja parandab naha ainevahetust. Lisame ka vahuvanni orgaaniilist punast veini, mis taastab kollageeni ja naha elastseid kudesid. Punane vein sisaldab samuti pol\u00fcfenoole, mis aitavad v\u00e4ltida naha tuhmiks muutumist ja taastavad loomuliku s\u00e4rava jume.<\/p>\n","protected":false},"featured_media":21495,"template":"","meta":{"_acf_changed":false},"product_brand":[],"product_cat":[71],"product_tag":[],"class_list":{"0":"post-21287","1":"product","2":"type-product","3":"status-publish","4":"has-post-thumbnail","6":"product_cat-vesi","8":"first","9":"instock","10":"shipping-taxable","11":"purchasable","12":"product-type-simple"},"acf":[],"yoast_head":"<!-- This site is optimized with the Yoast SEO plugin v27.2 - https:\/\/yoast.com\/product\/yoast-seo-wordpress\/ -->\n<title>Aromaatne punase veini vahuvann | Hestia Hotel Haapsalu Spa<\/title>\n<meta name=\"robots\" content=\"index, follow, max-snippet:-1, max-image-preview:large, max-video-preview:-1\" \/>\n<link rel=\"canonical\" href=\"https:\/\/www.hestiahotels.com\/haapsaluspa\/toode\/aromaatne-punase-veini-vahuvann\/\" \/>\n<meta property=\"og:locale\" content=\"et_EE\" \/>\n<meta property=\"og:type\" content=\"article\" \/>\n<meta property=\"og:title\" content=\"Aromaatne punase veini vahuvann | Hestia Hotel Haapsalu Spa\" \/>\n<meta property=\"og:description\" content=\"Aromaatne punase veini vahuvann sisaldab punase veini ekstrakte ja viinamarjaseemnete \u00f5li, reguleerib kehakaalu ja parandab naha ainevahetust. Lisame ka vahuvanni orgaaniilist punast veini, mis taastab kollageeni ja naha elastseid kudesid. Punane vein sisaldab samuti pol\u00fcfenoole, mis aitavad v\u00e4ltida naha tuhmiks muutumist ja taastavad loomuliku s\u00e4rava jume.\" \/>\n<meta property=\"og:url\" content=\"https:\/\/www.hestiahotels.com\/haapsaluspa\/toode\/aromaatne-punase-veini-vahuvann\/\" \/>\n<meta property=\"og:site_name\" content=\"Hestia Hotel Haapsalu Spa\" \/>\n<meta property=\"article:publisher\" content=\"https:\/\/www.facebook.com\/HaapsaluSpa\" \/>\n<meta property=\"article:modified_time\" content=\"2023-10-02T08:02:41+00:00\" \/>\n<meta property=\"og:image\" content=\"https:\/\/www.hestiahotels.com\/wp-content\/uploads\/sites\/7\/2021\/12\/Untitled-design-48.jpg\" \/>\n\t<meta property=\"og:image:width\" content=\"1920\" \/>\n\t<meta property=\"og:image:height\" content=\"1080\" \/>\n\t<meta property=\"og:image:type\" content=\"image\/jpeg\" \/>\n<meta name=\"twitter:card\" content=\"summary_large_image\" \/>\n<script type=\"application\/ld+json\" class=\"yoast-schema-graph\">{\"@context\":\"https:\/\/schema.org\",\"@graph\":[{\"@type\":\"WebPage\",\"@id\":\"https:\/\/www.hestiahotels.com\/haapsaluspa\/toode\/aromaatne-punase-veini-vahuvann\/\",\"url\":\"https:\/\/www.hestiahotels.com\/haapsaluspa\/toode\/aromaatne-punase-veini-vahuvann\/\",\"name\":\"Aromaatne punase veini vahuvann | Hestia Hotel Haapsalu Spa\",\"isPartOf\":{\"@id\":\"https:\/\/www.hestiahotels.com\/haapsaluspa\/#website\"},\"primaryImageOfPage\":{\"@id\":\"https:\/\/www.hestiahotels.com\/haapsaluspa\/toode\/aromaatne-punase-veini-vahuvann\/#primaryimage\"},\"image\":{\"@id\":\"https:\/\/www.hestiahotels.com\/haapsaluspa\/toode\/aromaatne-punase-veini-vahuvann\/#primaryimage\"},\"thumbnailUrl\":\"\/wp-content\/uploads\/sites\/7\/2021\/12\/Untitled-design-48.jpg\",\"datePublished\":\"2021-11-15T22:51:49+00:00\",\"dateModified\":\"2023-10-02T08:02:41+00:00\",\"breadcrumb\":{\"@id\":\"https:\/\/www.hestiahotels.com\/haapsaluspa\/toode\/aromaatne-punase-veini-vahuvann\/#breadcrumb\"},\"inLanguage\":\"et\",\"potentialAction\":[{\"@type\":\"ReadAction\",\"target\":[\"https:\/\/www.hestiahotels.com\/haapsaluspa\/toode\/aromaatne-punase-veini-vahuvann\/\"]}]},{\"@type\":\"ImageObject\",\"inLanguage\":\"et\",\"@id\":\"https:\/\/www.hestiahotels.com\/haapsaluspa\/toode\/aromaatne-punase-veini-vahuvann\/#primaryimage\",\"url\":\"\/wp-content\/uploads\/sites\/7\/2021\/12\/Untitled-design-48.jpg\",\"contentUrl\":\"\/wp-content\/uploads\/sites\/7\/2021\/12\/Untitled-design-48.jpg\",\"width\":1920,\"height\":1080},{\"@type\":\"BreadcrumbList\",\"@id\":\"https:\/\/www.hestiahotels.com\/haapsaluspa\/toode\/aromaatne-punase-veini-vahuvann\/#breadcrumb\",\"itemListElement\":[{\"@type\":\"ListItem\",\"position\":1,\"name\":\"Home\",\"item\":\"https:\/\/www.hestiahotels.com\/haapsaluspa\/\"},{\"@type\":\"ListItem\",\"position\":2,\"name\":\"Spaa Hoolitsused\",\"item\":\"https:\/\/www.hestiahotels.com\/haapsaluspa\/spaa-hoolitused\/\"},{\"@type\":\"ListItem\",\"position\":3,\"name\":\"Aromaatne punase veini vahuvann\"}]},{\"@type\":\"WebSite\",\"@id\":\"https:\/\/www.hestiahotels.com\/haapsaluspa\/#website\",\"url\":\"https:\/\/www.hestiahotels.com\/haapsaluspa\/\",\"name\":\"Hestia Hotel Haapsalu Spa\",\"description\":\"Hestia Hotel Haapsalu Spa on kolmest k\u00fcljest merega piiratud V\u00e4ikese viigi kaldal, vaid jalutusk\u00e4igu kaugusel maalilisest Haapsalu vanalinnast.\",\"potentialAction\":[{\"@type\":\"SearchAction\",\"target\":{\"@type\":\"EntryPoint\",\"urlTemplate\":\"https:\/\/www.hestiahotels.com\/haapsaluspa\/?s={search_term_string}\"},\"query-input\":{\"@type\":\"PropertyValueSpecification\",\"valueRequired\":true,\"valueName\":\"search_term_string\"}}],\"inLanguage\":\"et\"}]}<\/script>\n<!-- \/ Yoast SEO plugin. -->","yoast_head_json":{"title":"Aromaatne punase veini vahuvann | Hestia Hotel Haapsalu Spa","robots":{"index":"index","follow":"follow","max-snippet":"max-snippet:-1","max-image-preview":"max-image-preview:large","max-video-preview":"max-video-preview:-1"},"canonical":"https:\/\/www.hestiahotels.com\/haapsaluspa\/toode\/aromaatne-punase-veini-vahuvann\/","og_locale":"et_EE","og_type":"article","og_title":"Aromaatne punase veini vahuvann | Hestia Hotel Haapsalu Spa","og_description":"Aromaatne punase veini vahuvann sisaldab punase veini ekstrakte ja viinamarjaseemnete \u00f5li, reguleerib kehakaalu ja parandab naha ainevahetust. Lisame ka vahuvanni orgaaniilist punast veini, mis taastab kollageeni ja naha elastseid kudesid. Punane vein sisaldab samuti pol\u00fcfenoole, mis aitavad v\u00e4ltida naha tuhmiks muutumist ja taastavad loomuliku s\u00e4rava jume.","og_url":"https:\/\/www.hestiahotels.com\/haapsaluspa\/toode\/aromaatne-punase-veini-vahuvann\/","og_site_name":"Hestia Hotel Haapsalu Spa","article_publisher":"https:\/\/www.facebook.com\/HaapsaluSpa","article_modified_time":"2023-10-02T08:02:41+00:00","og_image":[{"width":1920,"height":1080,"url":"https:\/\/www.hestiahotels.com\/wp-content\/uploads\/sites\/7\/2021\/12\/Untitled-design-48.jpg","type":"image\/jpeg"}],"twitter_card":"summary_large_image","schema":{"@context":"https:\/\/schema.org","@graph":[{"@type":"WebPage","@id":"https:\/\/www.hestiahotels.com\/haapsaluspa\/toode\/aromaatne-punase-veini-vahuvann\/","url":"https:\/\/www.hestiahotels.com\/haapsaluspa\/toode\/aromaatne-punase-veini-vahuvann\/","name":"Aromaatne punase veini vahuvann | Hestia Hotel Haapsalu Spa","isPartOf":{"@id":"https:\/\/www.hestiahotels.com\/haapsaluspa\/#website"},"primaryImageOfPage":{"@id":"https:\/\/www.hestiahotels.com\/haapsaluspa\/toode\/aromaatne-punase-veini-vahuvann\/#primaryimage"},"image":{"@id":"https:\/\/www.hestiahotels.com\/haapsaluspa\/toode\/aromaatne-punase-veini-vahuvann\/#primaryimage"},"thumbnailUrl":"\/wp-content\/uploads\/sites\/7\/2021\/12\/Untitled-design-48.jpg","datePublished":"2021-11-15T22:51:49+00:00","dateModified":"2023-10-02T08:02:41+00:00","breadcrumb":{"@id":"https:\/\/www.hestiahotels.com\/haapsaluspa\/toode\/aromaatne-punase-veini-vahuvann\/#breadcrumb"},"inLanguage":"et","potentialAction":[{"@type":"ReadAction","target":["https:\/\/www.hestiahotels.com\/haapsaluspa\/toode\/aromaatne-punase-veini-vahuvann\/"]}]},{"@type":"ImageObject","inLanguage":"et","@id":"https:\/\/www.hestiahotels.com\/haapsaluspa\/toode\/aromaatne-punase-veini-vahuvann\/#primaryimage","url":"\/wp-content\/uploads\/sites\/7\/2021\/12\/Untitled-design-48.jpg","contentUrl":"\/wp-content\/uploads\/sites\/7\/2021\/12\/Untitled-design-48.jpg","width":1920,"height":1080},{"@type":"BreadcrumbList","@id":"https:\/\/www.hestiahotels.com\/haapsaluspa\/toode\/aromaatne-punase-veini-vahuvann\/#breadcrumb","itemListElement":[{"@type":"ListItem","position":1,"name":"Home","item":"https:\/\/www.hestiahotels.com\/haapsaluspa\/"},{"@type":"ListItem","position":2,"name":"Spaa Hoolitsused","item":"https:\/\/www.hestiahotels.com\/haapsaluspa\/spaa-hoolitused\/"},{"@type":"ListItem","position":3,"name":"Aromaatne punase veini vahuvann"}]},{"@type":"WebSite","@id":"https:\/\/www.hestiahotels.com\/haapsaluspa\/#website","url":"https:\/\/www.hestiahotels.com\/haapsaluspa\/","name":"Hestia Hotel Haapsalu Spa","description":"Hestia Hotel Haapsalu Spa on kolmest k\u00fcljest merega piiratud V\u00e4ikese viigi kaldal, vaid jalutusk\u00e4igu kaugusel maalilisest Haapsalu vanalinnast.","potentialAction":[{"@type":"SearchAction","target":{"@type":"EntryPoint","urlTemplate":"https:\/\/www.hestiahotels.com\/haapsaluspa\/?s={search_term_string}"},"query-input":{"@type":"PropertyValueSpecification","valueRequired":true,"valueName":"search_term_string"}}],"inLanguage":"et"}]}},"_links":{"self":[{"href":"https:\/\/www.hestiahotels.com\/haapsaluspa\/wp-json\/wp\/v2\/product\/21287","targetHints":{"allow":["GET"]}}],"collection":[{"href":"https:\/\/www.hestiahotels.com\/haapsaluspa\/wp-json\/wp\/v2\/product"}],"about":[{"href":"https:\/\/www.hestiahotels.com\/haapsaluspa\/wp-json\/wp\/v2\/types\/product"}],"wp:featuredmedia":[{"embeddable":true,"href":"https:\/\/www.hestiahotels.com\/haapsaluspa\/wp-json\/wp\/v2\/media\/21495"}],"wp:attachment":[{"href":"https:\/\/www.hestiahotels.com\/haapsaluspa\/wp-json\/wp\/v2\/media?parent=21287"}],"wp:term":[{"taxonomy":"product_brand","embeddable":true,"href":"https:\/\/www.hestiahotels.com\/haapsaluspa\/wp-json\/wp\/v2\/product_brand?post=21287"},{"taxonomy":"product_cat","embeddable":true,"href":"https:\/\/www.hestiahotels.com\/haapsaluspa\/wp-json\/wp\/v2\/product_cat?post=21287"},{"taxonomy":"product_tag","embeddable":true,"href":"https:\/\/www.hestiahotels.com\/haapsaluspa\/wp-json\/wp\/v2\/product_tag?post=21287"}],"curies":[{"name":"wp","href":"https:\/\/api.w.org\/{rel}","templated":true}]}}