{"id":29704,"date":"2024-10-18T15:42:13","date_gmt":"2024-10-18T12:42:13","guid":{"rendered":"https:\/\/www.hestiahotels.com\/haapsaluspa\/?post_type=product&#038;p=29704"},"modified":"2024-11-06T14:32:24","modified_gmt":"2024-11-06T12:32:24","slug":"kombineeritud-massaaz","status":"publish","type":"product","link":"https:\/\/www.hestiahotels.com\/haapsaluspa\/toode\/kombineeritud-massaaz\/","title":{"rendered":"Kombineeritud massaa\u017e"},"content":{"rendered":"","protected":false},"excerpt":{"rendered":"<p>Kombineeritud massaa\u017e keskendub sinu p\u00f5hilisele murekohale, pakkudes leevendust just probleemsetele piirkondadele. Massaa\u017ei k\u00e4igus kasutatakse mitmesuguseid tehnikaid, mis on t\u00f5husad lihaspingete v\u00e4hendamisel. Vajadusel v\u00f5ib mass\u00f6\u00f6r kasutada ka massaa\u017eikuppe ja muid abivahendeid. Massaa\u017ei alguses ja l\u00f5pus kasutatakse sooje laavakive, et aidata lihastel paremini l\u00f5dvestuda.<\/p>\n","protected":false},"featured_media":29050,"template":"","meta":{"_acf_changed":false},"product_brand":[],"product_cat":[50],"product_tag":[],"class_list":{"0":"post-29704","1":"product","2":"type-product","3":"status-publish","4":"has-post-thumbnail","6":"product_cat-massaaz","8":"first","9":"instock","10":"shipping-taxable","11":"purchasable","12":"product-type-simple"},"acf":[],"yoast_head":"<!-- This site is optimized with the Yoast SEO plugin v27.2 - https:\/\/yoast.com\/product\/yoast-seo-wordpress\/ -->\n<title>Kombineeritud massaa\u017e | Hestia Hotel Haapsalu Spa<\/title>\n<meta name=\"description\" content=\"Kombineeritud massaa\u017e keskendub sinu p\u00f5hilisele murekohale, pakkudes leevendust just probleemsetele piirkondadele. Massaa\u017ei k\u00e4igus kasutatakse mitmesuguseid tehnikaid, mis on t\u00f5husad lihaspingete v\u00e4hendamisel.\" \/>\n<meta name=\"robots\" content=\"index, follow, max-snippet:-1, max-image-preview:large, max-video-preview:-1\" \/>\n<link rel=\"canonical\" href=\"https:\/\/www.hestiahotels.com\/haapsaluspa\/toode\/kombineeritud-massaaz\/\" \/>\n<meta property=\"og:locale\" content=\"et_EE\" \/>\n<meta property=\"og:type\" content=\"article\" \/>\n<meta property=\"og:title\" content=\"Kombineeritud massaa\u017e | Hestia Hotel Haapsalu Spa\" \/>\n<meta property=\"og:description\" content=\"Kombineeritud massaa\u017e keskendub sinu p\u00f5hilisele murekohale, pakkudes leevendust just probleemsetele piirkondadele. Massaa\u017ei k\u00e4igus kasutatakse mitmesuguseid tehnikaid, mis on t\u00f5husad lihaspingete v\u00e4hendamisel.\" \/>\n<meta property=\"og:url\" content=\"https:\/\/www.hestiahotels.com\/haapsaluspa\/toode\/kombineeritud-massaaz\/\" \/>\n<meta property=\"og:site_name\" content=\"Hestia Hotel Haapsalu Spa\" \/>\n<meta property=\"article:publisher\" content=\"https:\/\/www.facebook.com\/HaapsaluSpa\" \/>\n<meta property=\"article:modified_time\" content=\"2024-11-06T12:32:24+00:00\" \/>\n<meta property=\"og:image\" content=\"https:\/\/www.hestiahotels.com\/wp-content\/uploads\/sites\/7\/2024\/06\/Hestia-pildid-1920x1080px-63.jpg\" \/>\n\t<meta property=\"og:image:width\" content=\"1920\" \/>\n\t<meta property=\"og:image:height\" content=\"1080\" \/>\n\t<meta property=\"og:image:type\" content=\"image\/jpeg\" \/>\n<meta name=\"twitter:card\" content=\"summary_large_image\" \/>\n<meta name=\"twitter:label1\" content=\"Est. reading time\" \/>\n\t<meta name=\"twitter:data1\" content=\"1 minut\" \/>\n<script type=\"application\/ld+json\" class=\"yoast-schema-graph\">{\"@context\":\"https:\/\/schema.org\",\"@graph\":[{\"@type\":\"WebPage\",\"@id\":\"https:\/\/www.hestiahotels.com\/haapsaluspa\/toode\/kombineeritud-massaaz\/\",\"url\":\"https:\/\/www.hestiahotels.com\/haapsaluspa\/toode\/kombineeritud-massaaz\/\",\"name\":\"Kombineeritud massaa\u017e | Hestia Hotel Haapsalu Spa\",\"isPartOf\":{\"@id\":\"https:\/\/www.hestiahotels.com\/haapsaluspa\/#website\"},\"primaryImageOfPage\":{\"@id\":\"https:\/\/www.hestiahotels.com\/haapsaluspa\/toode\/kombineeritud-massaaz\/#primaryimage\"},\"image\":{\"@id\":\"https:\/\/www.hestiahotels.com\/haapsaluspa\/toode\/kombineeritud-massaaz\/#primaryimage\"},\"thumbnailUrl\":\"\/wp-content\/uploads\/sites\/7\/2024\/06\/Hestia-pildid-1920x1080px-63.jpg\",\"datePublished\":\"2024-10-18T12:42:13+00:00\",\"dateModified\":\"2024-11-06T12:32:24+00:00\",\"description\":\"Kombineeritud massaa\u017e keskendub sinu p\u00f5hilisele murekohale, pakkudes leevendust just probleemsetele piirkondadele. Massaa\u017ei k\u00e4igus kasutatakse mitmesuguseid tehnikaid, mis on t\u00f5husad lihaspingete v\u00e4hendamisel.\",\"breadcrumb\":{\"@id\":\"https:\/\/www.hestiahotels.com\/haapsaluspa\/toode\/kombineeritud-massaaz\/#breadcrumb\"},\"inLanguage\":\"et\",\"potentialAction\":[{\"@type\":\"ReadAction\",\"target\":[\"https:\/\/www.hestiahotels.com\/haapsaluspa\/toode\/kombineeritud-massaaz\/\"]}]},{\"@type\":\"ImageObject\",\"inLanguage\":\"et\",\"@id\":\"https:\/\/www.hestiahotels.com\/haapsaluspa\/toode\/kombineeritud-massaaz\/#primaryimage\",\"url\":\"\/wp-content\/uploads\/sites\/7\/2024\/06\/Hestia-pildid-1920x1080px-63.jpg\",\"contentUrl\":\"\/wp-content\/uploads\/sites\/7\/2024\/06\/Hestia-pildid-1920x1080px-63.jpg\",\"width\":1920,\"height\":1080},{\"@type\":\"BreadcrumbList\",\"@id\":\"https:\/\/www.hestiahotels.com\/haapsaluspa\/toode\/kombineeritud-massaaz\/#breadcrumb\",\"itemListElement\":[{\"@type\":\"ListItem\",\"position\":1,\"name\":\"Home\",\"item\":\"https:\/\/www.hestiahotels.com\/haapsaluspa\/\"},{\"@type\":\"ListItem\",\"position\":2,\"name\":\"Spaa Hoolitsused\",\"item\":\"https:\/\/www.hestiahotels.com\/haapsaluspa\/spaa-hoolitused\/\"},{\"@type\":\"ListItem\",\"position\":3,\"name\":\"Kombineeritud massaa\u017e\"}]},{\"@type\":\"WebSite\",\"@id\":\"https:\/\/www.hestiahotels.com\/haapsaluspa\/#website\",\"url\":\"https:\/\/www.hestiahotels.com\/haapsaluspa\/\",\"name\":\"Hestia Hotel Haapsalu Spa\",\"description\":\"Hestia Hotel Haapsalu Spa on kolmest k\u00fcljest merega piiratud V\u00e4ikese viigi kaldal, vaid jalutusk\u00e4igu kaugusel maalilisest Haapsalu vanalinnast.\",\"potentialAction\":[{\"@type\":\"SearchAction\",\"target\":{\"@type\":\"EntryPoint\",\"urlTemplate\":\"https:\/\/www.hestiahotels.com\/haapsaluspa\/?s={search_term_string}\"},\"query-input\":{\"@type\":\"PropertyValueSpecification\",\"valueRequired\":true,\"valueName\":\"search_term_string\"}}],\"inLanguage\":\"et\"}]}<\/script>\n<!-- \/ Yoast SEO plugin. -->","yoast_head_json":{"title":"Kombineeritud massaa\u017e | Hestia Hotel Haapsalu Spa","description":"Kombineeritud massaa\u017e keskendub sinu p\u00f5hilisele murekohale, pakkudes leevendust just probleemsetele piirkondadele. Massaa\u017ei k\u00e4igus kasutatakse mitmesuguseid tehnikaid, mis on t\u00f5husad lihaspingete v\u00e4hendamisel.","robots":{"index":"index","follow":"follow","max-snippet":"max-snippet:-1","max-image-preview":"max-image-preview:large","max-video-preview":"max-video-preview:-1"},"canonical":"https:\/\/www.hestiahotels.com\/haapsaluspa\/toode\/kombineeritud-massaaz\/","og_locale":"et_EE","og_type":"article","og_title":"Kombineeritud massaa\u017e | Hestia Hotel Haapsalu Spa","og_description":"Kombineeritud massaa\u017e keskendub sinu p\u00f5hilisele murekohale, pakkudes leevendust just probleemsetele piirkondadele. Massaa\u017ei k\u00e4igus kasutatakse mitmesuguseid tehnikaid, mis on t\u00f5husad lihaspingete v\u00e4hendamisel.","og_url":"https:\/\/www.hestiahotels.com\/haapsaluspa\/toode\/kombineeritud-massaaz\/","og_site_name":"Hestia Hotel Haapsalu Spa","article_publisher":"https:\/\/www.facebook.com\/HaapsaluSpa","article_modified_time":"2024-11-06T12:32:24+00:00","og_image":[{"width":1920,"height":1080,"url":"https:\/\/www.hestiahotels.com\/wp-content\/uploads\/sites\/7\/2024\/06\/Hestia-pildid-1920x1080px-63.jpg","type":"image\/jpeg"}],"twitter_card":"summary_large_image","twitter_misc":{"Est. reading time":"1 minut"},"schema":{"@context":"https:\/\/schema.org","@graph":[{"@type":"WebPage","@id":"https:\/\/www.hestiahotels.com\/haapsaluspa\/toode\/kombineeritud-massaaz\/","url":"https:\/\/www.hestiahotels.com\/haapsaluspa\/toode\/kombineeritud-massaaz\/","name":"Kombineeritud massaa\u017e | Hestia Hotel Haapsalu Spa","isPartOf":{"@id":"https:\/\/www.hestiahotels.com\/haapsaluspa\/#website"},"primaryImageOfPage":{"@id":"https:\/\/www.hestiahotels.com\/haapsaluspa\/toode\/kombineeritud-massaaz\/#primaryimage"},"image":{"@id":"https:\/\/www.hestiahotels.com\/haapsaluspa\/toode\/kombineeritud-massaaz\/#primaryimage"},"thumbnailUrl":"\/wp-content\/uploads\/sites\/7\/2024\/06\/Hestia-pildid-1920x1080px-63.jpg","datePublished":"2024-10-18T12:42:13+00:00","dateModified":"2024-11-06T12:32:24+00:00","description":"Kombineeritud massaa\u017e keskendub sinu p\u00f5hilisele murekohale, pakkudes leevendust just probleemsetele piirkondadele. Massaa\u017ei k\u00e4igus kasutatakse mitmesuguseid tehnikaid, mis on t\u00f5husad lihaspingete v\u00e4hendamisel.","breadcrumb":{"@id":"https:\/\/www.hestiahotels.com\/haapsaluspa\/toode\/kombineeritud-massaaz\/#breadcrumb"},"inLanguage":"et","potentialAction":[{"@type":"ReadAction","target":["https:\/\/www.hestiahotels.com\/haapsaluspa\/toode\/kombineeritud-massaaz\/"]}]},{"@type":"ImageObject","inLanguage":"et","@id":"https:\/\/www.hestiahotels.com\/haapsaluspa\/toode\/kombineeritud-massaaz\/#primaryimage","url":"\/wp-content\/uploads\/sites\/7\/2024\/06\/Hestia-pildid-1920x1080px-63.jpg","contentUrl":"\/wp-content\/uploads\/sites\/7\/2024\/06\/Hestia-pildid-1920x1080px-63.jpg","width":1920,"height":1080},{"@type":"BreadcrumbList","@id":"https:\/\/www.hestiahotels.com\/haapsaluspa\/toode\/kombineeritud-massaaz\/#breadcrumb","itemListElement":[{"@type":"ListItem","position":1,"name":"Home","item":"https:\/\/www.hestiahotels.com\/haapsaluspa\/"},{"@type":"ListItem","position":2,"name":"Spaa Hoolitsused","item":"https:\/\/www.hestiahotels.com\/haapsaluspa\/spaa-hoolitused\/"},{"@type":"ListItem","position":3,"name":"Kombineeritud massaa\u017e"}]},{"@type":"WebSite","@id":"https:\/\/www.hestiahotels.com\/haapsaluspa\/#website","url":"https:\/\/www.hestiahotels.com\/haapsaluspa\/","name":"Hestia Hotel Haapsalu Spa","description":"Hestia Hotel Haapsalu Spa on kolmest k\u00fcljest merega piiratud V\u00e4ikese viigi kaldal, vaid jalutusk\u00e4igu kaugusel maalilisest Haapsalu vanalinnast.","potentialAction":[{"@type":"SearchAction","target":{"@type":"EntryPoint","urlTemplate":"https:\/\/www.hestiahotels.com\/haapsaluspa\/?s={search_term_string}"},"query-input":{"@type":"PropertyValueSpecification","valueRequired":true,"valueName":"search_term_string"}}],"inLanguage":"et"}]}},"_links":{"self":[{"href":"https:\/\/www.hestiahotels.com\/haapsaluspa\/wp-json\/wp\/v2\/product\/29704","targetHints":{"allow":["GET"]}}],"collection":[{"href":"https:\/\/www.hestiahotels.com\/haapsaluspa\/wp-json\/wp\/v2\/product"}],"about":[{"href":"https:\/\/www.hestiahotels.com\/haapsaluspa\/wp-json\/wp\/v2\/types\/product"}],"wp:featuredmedia":[{"embeddable":true,"href":"https:\/\/www.hestiahotels.com\/haapsaluspa\/wp-json\/wp\/v2\/media\/29050"}],"wp:attachment":[{"href":"https:\/\/www.hestiahotels.com\/haapsaluspa\/wp-json\/wp\/v2\/media?parent=29704"}],"wp:term":[{"taxonomy":"product_brand","embeddable":true,"href":"https:\/\/www.hestiahotels.com\/haapsaluspa\/wp-json\/wp\/v2\/product_brand?post=29704"},{"taxonomy":"product_cat","embeddable":true,"href":"https:\/\/www.hestiahotels.com\/haapsaluspa\/wp-json\/wp\/v2\/product_cat?post=29704"},{"taxonomy":"product_tag","embeddable":true,"href":"https:\/\/www.hestiahotels.com\/haapsaluspa\/wp-json\/wp\/v2\/product_tag?post=29704"}],"curies":[{"name":"wp","href":"https:\/\/api.w.org\/{rel}","templated":true}]}}