{"id":31947,"date":"2026-01-19T16:26:19","date_gmt":"2026-01-19T14:26:19","guid":{"rendered":"https:\/\/www.hestiahotels.com\/haapsaluspa\/?post_type=product&#038;p=31947"},"modified":"2026-04-07T11:36:25","modified_gmt":"2026-04-07T08:36:25","slug":"ddifference-leevendav-naohoolitsus-probleemsele-nahale","status":"publish","type":"product","link":"https:\/\/www.hestiahotels.com\/haapsaluspa\/toode\/ddifference-leevendav-naohoolitsus-probleemsele-nahale\/","title":{"rendered":"D\u00b4Difference leevendav n\u00e4ohoolitsus probleemsele nahale"},"content":{"rendered":"<p>Hoolitsus sisaldab n\u00e4onaha puhastust n\u00e4ovahuga, naha koorimist ja maski spetsiaalsete D\u00b4Difference poolt v\u00e4lja t\u00f6\u00f6deldud toodetega. L\u00f5petuseks kantakse n\u00e4ole kreem, millel on punetust, ebapuhtusi ja punnikesi v\u00e4hendav m\u00f5ju, pikaajalist niisutust ja naha kaitsebarj\u00e4\u00e4ri tasakaalustav ning tugevdav koostis.<\/p>\n","protected":false},"excerpt":{"rendered":"<p>Hoolitsus sobib sulle h\u00e4sti kui su nahk on kombineeritu ja\/v\u00f5i rasune, ummistunud pooride ja komedoonidega v\u00f5i aknele kalduv.<\/p>\n","protected":false},"featured_media":31949,"template":"","meta":{"_acf_changed":false},"product_brand":[],"product_cat":[194,151],"product_tag":[],"class_list":{"0":"post-31947","1":"product","2":"type-product","3":"status-publish","4":"has-post-thumbnail","6":"product_cat-lemmikud","7":"product_cat-naohoolitsused","9":"first","10":"instock","11":"shipping-taxable","12":"purchasable","13":"product-type-simple"},"acf":[],"yoast_head":"<!-- This site is optimized with the Yoast SEO plugin v27.2 - https:\/\/yoast.com\/product\/yoast-seo-wordpress\/ -->\n<title>D\u00b4Difference leevendav n\u00e4ohoolitsus probleemsele nahale | Hestia Hotel Haapsalu Spa<\/title>\n<meta name=\"robots\" content=\"index, follow, max-snippet:-1, max-image-preview:large, max-video-preview:-1\" \/>\n<link rel=\"canonical\" href=\"https:\/\/www.hestiahotels.com\/haapsaluspa\/toode\/ddifference-leevendav-naohoolitsus-probleemsele-nahale\/\" \/>\n<meta property=\"og:locale\" content=\"et_EE\" \/>\n<meta property=\"og:type\" content=\"article\" \/>\n<meta property=\"og:title\" content=\"D\u00b4Difference leevendav n\u00e4ohoolitsus probleemsele nahale | Hestia Hotel Haapsalu Spa\" \/>\n<meta property=\"og:description\" content=\"Hoolitsus sobib sulle h\u00e4sti kui su nahk on kombineeritu ja\/v\u00f5i rasune, ummistunud pooride ja komedoonidega v\u00f5i aknele kalduv.\" \/>\n<meta property=\"og:url\" content=\"https:\/\/www.hestiahotels.com\/haapsaluspa\/toode\/ddifference-leevendav-naohoolitsus-probleemsele-nahale\/\" \/>\n<meta property=\"og:site_name\" content=\"Hestia Hotel Haapsalu Spa\" \/>\n<meta property=\"article:publisher\" content=\"https:\/\/www.facebook.com\/HaapsaluSpa\" \/>\n<meta property=\"article:modified_time\" content=\"2026-04-07T08:36:25+00:00\" \/>\n<meta property=\"og:image\" content=\"https:\/\/www.hestiahotels.com\/wp-content\/uploads\/sites\/7\/2026\/01\/probleemse-naha-hooldus.jpg\" \/>\n\t<meta property=\"og:image:width\" content=\"1920\" \/>\n\t<meta property=\"og:image:height\" content=\"1080\" \/>\n\t<meta property=\"og:image:type\" content=\"image\/jpeg\" \/>\n<meta name=\"twitter:card\" content=\"summary_large_image\" \/>\n<meta name=\"twitter:label1\" content=\"Est. reading time\" \/>\n\t<meta name=\"twitter:data1\" content=\"1 minut\" \/>\n<script type=\"application\/ld+json\" class=\"yoast-schema-graph\">{\"@context\":\"https:\/\/schema.org\",\"@graph\":[{\"@type\":\"WebPage\",\"@id\":\"https:\/\/www.hestiahotels.com\/haapsaluspa\/toode\/ddifference-leevendav-naohoolitsus-probleemsele-nahale\/\",\"url\":\"https:\/\/www.hestiahotels.com\/haapsaluspa\/toode\/ddifference-leevendav-naohoolitsus-probleemsele-nahale\/\",\"name\":\"D\u00b4Difference leevendav n\u00e4ohoolitsus probleemsele nahale | Hestia Hotel Haapsalu Spa\",\"isPartOf\":{\"@id\":\"https:\/\/www.hestiahotels.com\/haapsaluspa\/#website\"},\"primaryImageOfPage\":{\"@id\":\"https:\/\/www.hestiahotels.com\/haapsaluspa\/toode\/ddifference-leevendav-naohoolitsus-probleemsele-nahale\/#primaryimage\"},\"image\":{\"@id\":\"https:\/\/www.hestiahotels.com\/haapsaluspa\/toode\/ddifference-leevendav-naohoolitsus-probleemsele-nahale\/#primaryimage\"},\"thumbnailUrl\":\"\/wp-content\/uploads\/sites\/7\/2026\/01\/probleemse-naha-hooldus.jpg\",\"datePublished\":\"2026-01-19T14:26:19+00:00\",\"dateModified\":\"2026-04-07T08:36:25+00:00\",\"breadcrumb\":{\"@id\":\"https:\/\/www.hestiahotels.com\/haapsaluspa\/toode\/ddifference-leevendav-naohoolitsus-probleemsele-nahale\/#breadcrumb\"},\"inLanguage\":\"et\",\"potentialAction\":[{\"@type\":\"ReadAction\",\"target\":[\"https:\/\/www.hestiahotels.com\/haapsaluspa\/toode\/ddifference-leevendav-naohoolitsus-probleemsele-nahale\/\"]}]},{\"@type\":\"ImageObject\",\"inLanguage\":\"et\",\"@id\":\"https:\/\/www.hestiahotels.com\/haapsaluspa\/toode\/ddifference-leevendav-naohoolitsus-probleemsele-nahale\/#primaryimage\",\"url\":\"\/wp-content\/uploads\/sites\/7\/2026\/01\/probleemse-naha-hooldus.jpg\",\"contentUrl\":\"\/wp-content\/uploads\/sites\/7\/2026\/01\/probleemse-naha-hooldus.jpg\",\"width\":1920,\"height\":1080},{\"@type\":\"BreadcrumbList\",\"@id\":\"https:\/\/www.hestiahotels.com\/haapsaluspa\/toode\/ddifference-leevendav-naohoolitsus-probleemsele-nahale\/#breadcrumb\",\"itemListElement\":[{\"@type\":\"ListItem\",\"position\":1,\"name\":\"Home\",\"item\":\"https:\/\/www.hestiahotels.com\/haapsaluspa\/\"},{\"@type\":\"ListItem\",\"position\":2,\"name\":\"Spaa Hoolitsused\",\"item\":\"https:\/\/www.hestiahotels.com\/haapsaluspa\/spaa-hoolitused\/\"},{\"@type\":\"ListItem\",\"position\":3,\"name\":\"D\u00b4Difference leevendav n\u00e4ohoolitsus probleemsele nahale\"}]},{\"@type\":\"WebSite\",\"@id\":\"https:\/\/www.hestiahotels.com\/haapsaluspa\/#website\",\"url\":\"https:\/\/www.hestiahotels.com\/haapsaluspa\/\",\"name\":\"Hestia Hotel Haapsalu Spa\",\"description\":\"Hestia Hotel Haapsalu Spa on kolmest k\u00fcljest merega piiratud V\u00e4ikese viigi kaldal, vaid jalutusk\u00e4igu kaugusel maalilisest Haapsalu vanalinnast.\",\"potentialAction\":[{\"@type\":\"SearchAction\",\"target\":{\"@type\":\"EntryPoint\",\"urlTemplate\":\"https:\/\/www.hestiahotels.com\/haapsaluspa\/?s={search_term_string}\"},\"query-input\":{\"@type\":\"PropertyValueSpecification\",\"valueRequired\":true,\"valueName\":\"search_term_string\"}}],\"inLanguage\":\"et\"}]}<\/script>\n<!-- \/ Yoast SEO plugin. -->","yoast_head_json":{"title":"D\u00b4Difference leevendav n\u00e4ohoolitsus probleemsele nahale | Hestia Hotel Haapsalu Spa","robots":{"index":"index","follow":"follow","max-snippet":"max-snippet:-1","max-image-preview":"max-image-preview:large","max-video-preview":"max-video-preview:-1"},"canonical":"https:\/\/www.hestiahotels.com\/haapsaluspa\/toode\/ddifference-leevendav-naohoolitsus-probleemsele-nahale\/","og_locale":"et_EE","og_type":"article","og_title":"D\u00b4Difference leevendav n\u00e4ohoolitsus probleemsele nahale | Hestia Hotel Haapsalu Spa","og_description":"Hoolitsus sobib sulle h\u00e4sti kui su nahk on kombineeritu ja\/v\u00f5i rasune, ummistunud pooride ja komedoonidega v\u00f5i aknele kalduv.","og_url":"https:\/\/www.hestiahotels.com\/haapsaluspa\/toode\/ddifference-leevendav-naohoolitsus-probleemsele-nahale\/","og_site_name":"Hestia Hotel Haapsalu Spa","article_publisher":"https:\/\/www.facebook.com\/HaapsaluSpa","article_modified_time":"2026-04-07T08:36:25+00:00","og_image":[{"width":1920,"height":1080,"url":"https:\/\/www.hestiahotels.com\/wp-content\/uploads\/sites\/7\/2026\/01\/probleemse-naha-hooldus.jpg","type":"image\/jpeg"}],"twitter_card":"summary_large_image","twitter_misc":{"Est. reading time":"1 minut"},"schema":{"@context":"https:\/\/schema.org","@graph":[{"@type":"WebPage","@id":"https:\/\/www.hestiahotels.com\/haapsaluspa\/toode\/ddifference-leevendav-naohoolitsus-probleemsele-nahale\/","url":"https:\/\/www.hestiahotels.com\/haapsaluspa\/toode\/ddifference-leevendav-naohoolitsus-probleemsele-nahale\/","name":"D\u00b4Difference leevendav n\u00e4ohoolitsus probleemsele nahale | Hestia Hotel Haapsalu Spa","isPartOf":{"@id":"https:\/\/www.hestiahotels.com\/haapsaluspa\/#website"},"primaryImageOfPage":{"@id":"https:\/\/www.hestiahotels.com\/haapsaluspa\/toode\/ddifference-leevendav-naohoolitsus-probleemsele-nahale\/#primaryimage"},"image":{"@id":"https:\/\/www.hestiahotels.com\/haapsaluspa\/toode\/ddifference-leevendav-naohoolitsus-probleemsele-nahale\/#primaryimage"},"thumbnailUrl":"\/wp-content\/uploads\/sites\/7\/2026\/01\/probleemse-naha-hooldus.jpg","datePublished":"2026-01-19T14:26:19+00:00","dateModified":"2026-04-07T08:36:25+00:00","breadcrumb":{"@id":"https:\/\/www.hestiahotels.com\/haapsaluspa\/toode\/ddifference-leevendav-naohoolitsus-probleemsele-nahale\/#breadcrumb"},"inLanguage":"et","potentialAction":[{"@type":"ReadAction","target":["https:\/\/www.hestiahotels.com\/haapsaluspa\/toode\/ddifference-leevendav-naohoolitsus-probleemsele-nahale\/"]}]},{"@type":"ImageObject","inLanguage":"et","@id":"https:\/\/www.hestiahotels.com\/haapsaluspa\/toode\/ddifference-leevendav-naohoolitsus-probleemsele-nahale\/#primaryimage","url":"\/wp-content\/uploads\/sites\/7\/2026\/01\/probleemse-naha-hooldus.jpg","contentUrl":"\/wp-content\/uploads\/sites\/7\/2026\/01\/probleemse-naha-hooldus.jpg","width":1920,"height":1080},{"@type":"BreadcrumbList","@id":"https:\/\/www.hestiahotels.com\/haapsaluspa\/toode\/ddifference-leevendav-naohoolitsus-probleemsele-nahale\/#breadcrumb","itemListElement":[{"@type":"ListItem","position":1,"name":"Home","item":"https:\/\/www.hestiahotels.com\/haapsaluspa\/"},{"@type":"ListItem","position":2,"name":"Spaa Hoolitsused","item":"https:\/\/www.hestiahotels.com\/haapsaluspa\/spaa-hoolitused\/"},{"@type":"ListItem","position":3,"name":"D\u00b4Difference leevendav n\u00e4ohoolitsus probleemsele nahale"}]},{"@type":"WebSite","@id":"https:\/\/www.hestiahotels.com\/haapsaluspa\/#website","url":"https:\/\/www.hestiahotels.com\/haapsaluspa\/","name":"Hestia Hotel Haapsalu Spa","description":"Hestia Hotel Haapsalu Spa on kolmest k\u00fcljest merega piiratud V\u00e4ikese viigi kaldal, vaid jalutusk\u00e4igu kaugusel maalilisest Haapsalu vanalinnast.","potentialAction":[{"@type":"SearchAction","target":{"@type":"EntryPoint","urlTemplate":"https:\/\/www.hestiahotels.com\/haapsaluspa\/?s={search_term_string}"},"query-input":{"@type":"PropertyValueSpecification","valueRequired":true,"valueName":"search_term_string"}}],"inLanguage":"et"}]}},"_links":{"self":[{"href":"https:\/\/www.hestiahotels.com\/haapsaluspa\/wp-json\/wp\/v2\/product\/31947","targetHints":{"allow":["GET"]}}],"collection":[{"href":"https:\/\/www.hestiahotels.com\/haapsaluspa\/wp-json\/wp\/v2\/product"}],"about":[{"href":"https:\/\/www.hestiahotels.com\/haapsaluspa\/wp-json\/wp\/v2\/types\/product"}],"wp:featuredmedia":[{"embeddable":true,"href":"https:\/\/www.hestiahotels.com\/haapsaluspa\/wp-json\/wp\/v2\/media\/31949"}],"wp:attachment":[{"href":"https:\/\/www.hestiahotels.com\/haapsaluspa\/wp-json\/wp\/v2\/media?parent=31947"}],"wp:term":[{"taxonomy":"product_brand","embeddable":true,"href":"https:\/\/www.hestiahotels.com\/haapsaluspa\/wp-json\/wp\/v2\/product_brand?post=31947"},{"taxonomy":"product_cat","embeddable":true,"href":"https:\/\/www.hestiahotels.com\/haapsaluspa\/wp-json\/wp\/v2\/product_cat?post=31947"},{"taxonomy":"product_tag","embeddable":true,"href":"https:\/\/www.hestiahotels.com\/haapsaluspa\/wp-json\/wp\/v2\/product_tag?post=31947"}],"curies":[{"name":"wp","href":"https:\/\/api.w.org\/{rel}","templated":true}]}}